{"id":45,"date":"2026-03-13T11:22:44","date_gmt":"2026-03-13T11:22:44","guid":{"rendered":"https:\/\/denvixo.space\/?page_id=45"},"modified":"2026-03-13T11:22:45","modified_gmt":"2026-03-13T11:22:45","slug":"cookie-richtlinie","status":"publish","type":"page","link":"https:\/\/denvixo.space\/?page_id=45","title":{"rendered":"Cookie-Richtlinie"},"content":{"rendered":"\n<p>Unsere Webseite denvixo verwendet technische Cookies, um die Funktionalit\u00e4t der Seite zu gew\u00e4hrleisten und Ihren Besuch in M\u00fcnchen digital so angenehm wie m\u00f6glich zu gestalten. Cookies sind kleine Textdateien, die auf Ihrem Rechner abgelegt werden und die Ihr Browser speichert. Sie richten auf Ihrem Rechner keinen Schaden an und enthalten keine Viren.<\/p>\n\n\n\n<p>Wir nutzen vor allem notwendige Cookies: \u2022 Sitzungs-Cookies zur Identifizierung Ihres Browsers w\u00e4hrend des Besuchs. \u2022 Pr\u00e4ferenz-Cookies zur Speicherung Ihrer Sprachwahl oder regionalen Einstellungen. \u2022 Sicherheits-Cookies zur Vermeidung von betr\u00fcgerischen Zugriffen auf unsere Formulare.<\/p>\n\n\n\n<p>Die meisten der von uns verwendeten Cookies werden nach Ende Ihres Besuchs automatisch gel\u00f6scht. Sie k\u00f6nnen Ihren Browser so einstellen, dass Sie \u00fcber das Setzen von Cookies informiert werden und Cookies nur im Einzelfall erlauben. Bei der Deaktivierung von Cookies kann die Funktionalit\u00e4t dieser Website eingeschr\u00e4nkt sein. Weitere Details zur technischen Umsetzung finden Sie in unserem Impressum unter <a target=\"_blank\" rel=\"noreferrer noopener\" href=\"https:\/\/denvixo.space\">https:\/\/denvixo.space<\/a>.<\/p>\n","protected":false},"excerpt":{"rendered":"<p>Unsere Webseite denvixo verwendet technische Cookies, um die Funktionalit\u00e4t der Seite zu gew\u00e4hrleisten und Ihren [&hellip;]<\/p>\n","protected":false},"author":1,"featured_media":0,"parent":0,"menu_order":0,"comment_status":"closed","ping_status":"closed","template":"","meta":{"footnotes":""},"class_list":["post-45","page","type-page","status-publish","hentry"],"_links":{"self":[{"href":"https:\/\/denvixo.space\/index.php?rest_route=\/wp\/v2\/pages\/45","targetHints":{"allow":["GET"]}}],"collection":[{"href":"https:\/\/denvixo.space\/index.php?rest_route=\/wp\/v2\/pages"}],"about":[{"href":"https:\/\/denvixo.space\/index.php?rest_route=\/wp\/v2\/types\/page"}],"author":[{"embeddable":true,"href":"https:\/\/denvixo.space\/index.php?rest_route=\/wp\/v2\/users\/1"}],"replies":[{"embeddable":true,"href":"https:\/\/denvixo.space\/index.php?rest_route=%2Fwp%2Fv2%2Fcomments&post=45"}],"version-history":[{"count":1,"href":"https:\/\/denvixo.space\/index.php?rest_route=\/wp\/v2\/pages\/45\/revisions"}],"predecessor-version":[{"id":46,"href":"https:\/\/denvixo.space\/index.php?rest_route=\/wp\/v2\/pages\/45\/revisions\/46"}],"wp:attachment":[{"href":"https:\/\/denvixo.space\/index.php?rest_route=%2Fwp%2Fv2%2Fmedia&parent=45"}],"curies":[{"name":"wp","href":"https:\/\/api.w.org\/{rel}","templated":true}]}}